{"id":2,"date":"2016-05-10T03:48:21","date_gmt":"2016-05-10T03:48:21","guid":{"rendered":"http:\/\/duplic.net\/?page_id=2"},"modified":"2021-01-30T14:43:52","modified_gmt":"2021-01-30T17:43:52","slug":"sample-page","status":"publish","type":"page","link":"https:\/\/duplic.net.br\/","title":{"rendered":"A\/C: Sua empresa"},"content":{"rendered":"<p>Sua empresa n\u00e3o precisa ser especialista em tudo. Por isso fornecemos os equipamentos necess\u00e1rios para que toda a demanda de impress\u00e3o do seu neg\u00f3cio seja suprida, economizando tempo e dinheiro para sua empresa gastar com o que ela mais precisa: seus clientes!<\/p>\n<blockquote><p>A Duplic do Brasil, h\u00e1 mais de 15 anos, vem acumulando conhecimento e experi\u00eancia com os mais diversos ramos de atividade do nosso pa\u00eds com empresas dos mais variados portes.<\/p><\/blockquote>\n<p>Nossos projetos de terceiriza\u00e7\u00e3o de equipamentos de impress\u00e3o visam atender exatamente \u00e0s necessidades do seu neg\u00f3cio, e por isso, com muito orgulho podemos dizer: Existe uma Duplic para cada cliente e estamos prontos para oferecer a Duplic que sua empresa precisa.<\/p>\n<blockquote><p>Equipamentos de impress\u00e3o \u00e9 a nossa especialidade. Deixe isso com a gente, pois seu neg\u00f3cio n\u00e3o pode parar.<\/p><\/blockquote>\n","protected":false},"excerpt":{"rendered":"<p>Sua empresa n\u00e3o precisa ser especialista em tudo. Por isso fornecemos os equipamentos necess\u00e1rios para que toda a demanda de impress\u00e3o do seu neg\u00f3cio seja suprida, economizando tempo e dinheiro para sua empresa gastar com o que ela mais precisa: seus clientes! A Duplic do Brasil, h\u00e1 mais de 15 anos, vem acumulando conhecimento e [&hellip;]<\/p>\n","protected":false},"author":1,"featured_media":0,"parent":0,"menu_order":0,"comment_status":"closed","ping_status":"open","template":"","meta":[],"_links":{"self":[{"href":"https:\/\/duplic.net.br\/index.php?rest_route=\/wp\/v2\/pages\/2"}],"collection":[{"href":"https:\/\/duplic.net.br\/index.php?rest_route=\/wp\/v2\/pages"}],"about":[{"href":"https:\/\/duplic.net.br\/index.php?rest_route=\/wp\/v2\/types\/page"}],"author":[{"embeddable":true,"href":"https:\/\/duplic.net.br\/index.php?rest_route=\/wp\/v2\/users\/1"}],"replies":[{"embeddable":true,"href":"https:\/\/duplic.net.br\/index.php?rest_route=%2Fwp%2Fv2%2Fcomments&post=2"}],"version-history":[{"count":2,"href":"https:\/\/duplic.net.br\/index.php?rest_route=\/wp\/v2\/pages\/2\/revisions"}],"predecessor-version":[{"id":7,"href":"https:\/\/duplic.net.br\/index.php?rest_route=\/wp\/v2\/pages\/2\/revisions\/7"}],"wp:attachment":[{"href":"https:\/\/duplic.net.br\/index.php?rest_route=%2Fwp%2Fv2%2Fmedia&parent=2"}],"curies":[{"name":"wp","href":"https:\/\/api.w.org\/{rel}","templated":true}]}}